{"id":2619,"date":"2024-04-06T22:45:07","date_gmt":"2024-04-06T22:45:07","guid":{"rendered":"https:\/\/www.cassinasesores.es\/?page_id=2619"},"modified":"2024-04-06T23:21:21","modified_gmt":"2024-04-06T23:21:21","slug":"politica-privacidad-redes-sociales","status":"publish","type":"page","link":"https:\/\/www.cassinasesores.es\/vlca\/politica-privacidad-redes-sociales\/","title":{"rendered":"Pol\u00edtica de privacitat de xarxes socials"},"content":{"rendered":"<div data-elementor-type=\"wp-page\" data-elementor-id=\"2619\" class=\"elementor elementor-2619\">\n\t\t\t\t<div class=\"elementor-element elementor-element-33e3be4 e-flex e-con-boxed e-con e-parent\" data-id=\"33e3be4\" data-element_type=\"container\">\n\t\t\t\t\t<div class=\"e-con-inner\">\n\t\t<div class=\"elementor-element elementor-element-8ea9957 e-flex e-con-boxed e-con e-child\" data-id=\"8ea9957\" data-element_type=\"container\">\n\t\t\t\t\t<div class=\"e-con-inner\">\n\t\t<div class=\"elementor-element elementor-element-659ce0a e-flex e-con-boxed e-con e-child\" data-id=\"659ce0a\" data-element_type=\"container\">\n\t\t\t\t\t<div class=\"e-con-inner\">\n\t\t\t\t<div class=\"elementor-element elementor-element-1dbb73e elementor-widget elementor-widget-text-editor\" data-id=\"1dbb73e\" data-element_type=\"widget\" data-widget_type=\"text-editor.default\">\n\t\t\t\t<div class=\"elementor-widget-container\">\n\t\t\t\t\t\t\t\t\t<p><\/p><h2 class=\"wp-block-heading\">POL\u00cdTICA DE PRIVACITAT DE XARXES SOCIALS<\/h2><p align=\"justify\"><span style=\"font-family: Calibri, serif;\">De conformitat amb el que s'establix en la normativa vigent i aplicable en Protecci\u00f3 de Dades de Car\u00e0cter Personal, Reglament 2016\/679 General de Protecci\u00f3 de Dades (RGPD) i la Llei org\u00e0nica 3\/2018 de 5 de desembre, de protecci\u00f3 de dades de car\u00e0cter personal i garantia dels drets digitals (LOPDGDD), i la Llei 34\/2002, d'11 de juliol, de Servicis de la Societat de la Informaci\u00f3 i de Comer\u00e7 Electr\u00f2nic (LSSI-CE), CASSIN ASSESSORS, S.L. informa els usuaris, que ha procedit a crear un perfil en les Xarxes Socials <\/span><span style=\"color: #808080;\"><span style=\"font-family: Calibri, serif;\">Facebook, Twitter, Instagram<\/span><\/span><span style=\"font-family: Calibri, serif;\">, amb la finalitat principal de publicitar els seus productes i servicis.<\/span><\/p><p align=\"justify\"><span style=\"font-family: Calibri, serif;\">Dades de l'entitat:<\/span><\/p><ul><li value=\"1\"><p align=\"justify\"><span style=\"font-family: Calibri, serif;\"><b>Denominaci\u00f3 social:<\/b><\/span><span style=\"font-family: Calibri, serif;\"> CASSIN ASSESSORS, S.L.<\/span><\/p><\/li><li><p align=\"justify\"><span style=\"font-family: Calibri, serif;\"><b>C.I.F.:<\/b><\/span><span style=\"font-family: Calibri, serif;\"> B12516993<\/span><\/p><\/li><li><p align=\"justify\"><span style=\"font-family: Calibri, serif;\"><b>Domicili social:<\/b><\/span><span style=\"font-family: Calibri, serif;\"> C\/ OCTAVI TEN I ORENGA 31 BAJO 12600 &#8211; LA VALL D UIXO (CASTELLON) <\/span><\/p><\/li><li><p align=\"justify\"><span style=\"font-family: Calibri, serif;\"><b>Tel\u00e8fon:<\/b><\/span><span style=\"font-family: Calibri, serif;\"> 964665009<\/span><\/p><\/li><li><p align=\"justify\"><span style=\"font-family: Calibri, serif;\"><b>Correu electr\u00f2nic a l'efecte de comunicaci\u00f3:<\/b><\/span> <span style=\"color: #0000ff;\"><span style=\"font-family: Calibri, serif;\"><u>info@cassinasesores.es<\/u><\/span><\/span><\/p><\/li><li><p align=\"justify\"><span style=\"font-family: Calibri, serif;\"><b>Domini web:<\/b><\/span> <span style=\"color: #0000ff;\"><span style=\"font-family: Calibri, serif;\"><u>www.cassinasesores.es<\/u><\/span><\/span><\/p><\/li><li><p align=\"justify\"><span style=\"font-family: Calibri, serif;\"><b>Dades de contacte Delegat de Protecci\u00f3 de Dades<\/b><\/span><span style=\"font-family: Calibri, serif;\">: Tel\u00e8fon: 964665009 Correu electr\u00f2nic: <\/span><span style=\"color: #0000ff;\"><span style=\"font-family: Calibri, serif;\"><u>olga@cassinasesores.es<\/u><\/span><\/span><span style=\"font-family: Calibri, serif;\">. <\/span><\/p><\/li><\/ul><p align=\"justify\"><span style=\"font-family: Calibri, serif;\">L'usuari disposa d'un perfil en la mateixa Xarxa Social i ha decidit unir-se a la p\u00e0gina creada per CASSIN ASSESSORS, S.L. mostrant aix\u00ed inter\u00e9s en la informaci\u00f3 que es publicite en la Xarxa. En unir-se a la nostra p\u00e0gina, ens facilita el seu consentiment per al tractament d'aquelles dades personals publicades en el seu perfil.<\/span><\/p><p align=\"justify\"><span style=\"font-family: Calibri, serif;\">L'usuari pot accedir en tot moment a les pol\u00edtiques de privacitat de la pr\u00f2pia Xarxa Social, aix\u00ed com configurar el seu perfil per a garantir la seua privacitat.<\/span><\/p><p align=\"justify\"><span style=\"font-family: Calibri, serif;\">CASSIN ASSESSORS, S.L. t\u00e9 acc\u00e9s i tracta aquella informaci\u00f3 p\u00fablica de l'usuari, especialment, el seu nom de contacte. Estes dades, nom\u00e9s s\u00f3n utilitzats dins de la pr\u00f2pia Xarxa Social. No s\u00f3n incorporats a cap sistema de tractament.<\/span><\/p><p align=\"justify\"><span style=\"font-family: Calibri, serif;\">En relaci\u00f3 als drets d'acc\u00e9s, rectificaci\u00f3, limitaci\u00f3 de tractament, supressi\u00f3, portabilitat i oposici\u00f3 al tractament de les seues dades de car\u00e0cter personal dels quals vost\u00e9 disposa i que poden ser exercitats davant CASSIN ASSESSORS, S.L., d'acord amb la RGPD, ha de tindre en compte els seg\u00fcents matisos:\u00a0<\/span><\/p><ul><li value=\"1\"><p align=\"justify\"><span style=\"font-family: Calibri, serif;\"><u>Dret d'Acc\u00e9s:<\/u><\/span><span style=\"font-family: Calibri, serif;\"> \u00c9s el dret de l'usuari a obtindre informaci\u00f3 sobre les seues dades concretes de car\u00e0cter personal i del tractament que s'haja realitzat o realitze, aix\u00ed com de la informaci\u00f3 disponible sobre l'origen d'estes dades i les comunicacions realitzades o previstes d'estos.<\/span><\/p><\/li><li><p align=\"justify\"><span style=\"font-family: Calibri, serif;\"><u>Dret de Rectificaci\u00f3<\/u><\/span><span style=\"font-family: Calibri, serif;\">: \u00c9s el dret de l'afectat al fet que es modifiquen les dades que resulten ser inexactes o incomplets. Nom\u00e9s podr\u00e0 satisfer-se en relaci\u00f3 a aquella informaci\u00f3 que es trobe sota el control CASSIN ASSESSORS, S.L. per exemple, eliminar comentaris publicats en la pr\u00f2pia p\u00e0gina, imatges o continguts web on consten dades de car\u00e0cter personal de l'usuari.<\/span><\/p><\/li><li><p align=\"justify\"><span style=\"font-family: Calibri, serif;\"><u>Dret a la Limitaci\u00f3 de tractament<\/u><\/span><span style=\"font-family: Calibri, serif;\">: \u00c9s el dret al fet que es limiten els fins del tractament previstos de manera original pel responsable del tractament.<\/span><\/p><\/li><li><p align=\"justify\"><span style=\"font-family: Calibri, serif;\"><u>Dret de Supressi\u00f3<\/u><\/span><span style=\"font-family: Calibri, serif;\">: \u00c9s el dret a suprimir les dades de car\u00e0cter personal de l'usuari, a excepci\u00f3 del que es preveu en el propi RGPD o en altres normatives aplicables que determinen l'obligatorietat de la conservaci\u00f3 d'estos, dins del termini i en la forma corresponent.<\/span><\/p><\/li><li><p align=\"justify\"><span style=\"font-family: Calibri, serif;\"><u>Dret de portabilitat<\/u><\/span><span style=\"font-family: Calibri, serif;\">: El dret a rebre les dades personals que l'usuari, haja facilitat, en un format estructurat, d'\u00fas com\u00fa i lectura mec\u00e0nica, i a transmetre'ls a un altre responsable.<\/span><\/p><\/li><li><p align=\"justify\"><span style=\"font-family: Calibri, serif;\"><u>Dret d'Oposici\u00f3<\/u><\/span><span style=\"font-family: Calibri, serif;\">: \u00c9s el dret de l'usuari al fet que no es duga a terme el tractament de les seues dades de car\u00e0cter personal o se cesse el tractament dels mateixos per part de CASSIN ASSESSORS, S.L.<\/span><\/p><\/li><\/ul><p align=\"justify\"><span style=\"font-family: Calibri, serif;\">CASSIN ASSESSORS, S.L. realitzar\u00e0 les seg\u00fcents actuacions:<\/span><\/p><ul><li value=\"1\"><p align=\"justify\"><span style=\"font-family: Calibri, serif;\">Acc\u00e9s a la informaci\u00f3 p\u00fablica del perfil.\u00a0<\/span><\/p><\/li><li><p align=\"justify\"><span style=\"font-family: Calibri, serif;\">Publicaci\u00f3 en el perfil de l'usuari de tota aquella informaci\u00f3 ja publicada en la p\u00e0gina de CASSIN ASSESSORS, S.L.<\/span><\/p><\/li><li><p align=\"justify\"><span style=\"font-family: Calibri, serif;\">Enviar missatges personals i individuals a trav\u00e9s dels canals de la Xarxa Social.<\/span><\/p><\/li><li><p align=\"justify\"><span style=\"font-family: Calibri, serif;\">Actualitzacions de l'estat de la p\u00e0gina que es publicaran en el perfil de l'usuari.<\/span><\/p><\/li><\/ul><p align=\"justify\"><span style=\"font-family: Calibri, serif;\">L'usuari sempre pot controlar les seues connexions, eliminar els continguts que deixen d'interessar-li i restringir amb qui compartix les seues connexions, per a aix\u00f2 haur\u00e0 d'accedir a la seua configuraci\u00f3 de privacitat.\u00a0<\/span><\/p><h2 align=\"justify\"><span style=\"font-family: Calibri, serif;\"><b>Publicacions\u00a0<\/b><\/span><\/h2><p align=\"justify\"><span style=\"font-family: Calibri, serif;\">L'usuari, una vegada unit a la p\u00e0gina de CASSIN ASSESSORS, S.L. podr\u00e0 publicar en esta \u00faltima comentaris, enlla\u00e7os, imatges o fotografies o qualsevol altre tipus de contingut multim\u00e8dia suportat per la Xarxa Social. L'usuari, en tots els casos, ha de ser el titular d'estos, gaudir dels drets d'autor i de propietat intel\u00b7lectual o comptar amb el consentiment dels tercers afectats. Es prohibix expressament qualsevol publicaci\u00f3 en la p\u00e0gina, ja siguen textos, gr\u00e0fics, fotografies, v\u00eddeos, etc. que atempten o siguen susceptibles d'atemptar contra la moral, l'\u00e8tica, el bon gust o el decor, i\/o que infringisquen, violen o infringisquen els drets de propietat intel\u00b7lectual o industrial, el dret a la imatge o la Llei. En estos casos, CASSIN ASSESSORS, S.L. es reserva el dret a retirar immediatament el contingut, podent sol\u00b7licitar el bloqueig permanent de l'usuari.<\/span><\/p><p align=\"justify\"><span style=\"font-family: Calibri, serif;\">CASSIN ASSESSORS, S.L. no es far\u00e0 responsable dels continguts que lliurement ha publicat un usuari.<\/span><\/p><p align=\"justify\"><span style=\"font-family: Calibri, serif;\">L'usuari ha de tindre present que les seues publicacions seran conegudes pels altres usuaris, per la qual cosa ell mateix \u00e9s el principal responsable de la seua privacitat.<\/span><\/p><p align=\"justify\"><span style=\"font-family: Calibri, serif;\">Les imatges que puguen publicar-se en la p\u00e0gina no seran emmagatzemades en cap sistema de tractament per part de CASSIN ASSESSORS, S.L., per\u00f2 si que romandran en la Xarxa Social.<\/span><\/p><h2 align=\"justify\"><span style=\"font-family: Calibri, serif;\"><b>Concursos i promocions<\/b><\/span><\/h2><p align=\"justify\"><span style=\"font-family: Calibri, serif;\">CASSIN ASSESSORS, S.L. es reserva el dret a realitzar concursos i promocions, en els quals podr\u00e0 participar l'usuari unit a la seua p\u00e0gina. Les bases de cadascun d'ells, quan s'utilitze per a aix\u00f2 la plataforma de la Xarxa Social, seran publicades en esta. Complint sempre amb la LSSI-CE i amb qualsevol altra norma que li siga aplicable.<\/span><\/p><p align=\"justify\"><span style=\"font-family: Calibri, serif;\">La Xarxa Social no patrocina, avala ni administra, de cap mode, cap de les nostres promocions, ni est\u00e0 associada a cap d'elles.<\/span><\/p><h2 align=\"justify\"><span style=\"font-family: Calibri, serif;\"><b>Publicitat<\/b><\/span><\/h2><p align=\"justify\"><span style=\"font-family: Calibri, serif;\">CASSIN ASSESSORS, S.L. utilitzar\u00e0 la Xarxa Social per a publicitar els seus productes i servicis, en tot cas, si decidix tractar les seues dades de contacte per a realitzar accions directes de prospecci\u00f3 comercial, ser\u00e0 sempre, complint amb les exig\u00e8ncies legals de la RGPD i de la LSSI-CE.<\/span><\/p><p align=\"justify\"><span style=\"font-family: Calibri, serif;\">No es considerar\u00e0 publicitat el fet de recomanar a altres usuaris la p\u00e0gina de CASSIN ASSESSORS, S.L. perqu\u00e8 tamb\u00e9 ells puguen gaudir de les promocions o estar informats de la seua activitat.<\/span><\/p><p align=\"justify\"><span style=\"font-family: Calibri, serif;\">A continuaci\u00f3, detallem l'enlla\u00e7 a la pol\u00edtica de privacitat de la Xarxa Social:<\/span><\/p><ul><li value=\"1\"><p align=\"justify\"><span style=\"color: #404040;\"><span style=\"font-family: Calibri, serif;\"><span lang=\"en-US\">Facebook: <\/span><\/span><\/span><a href=\"https:\/\/es-es.facebook.com\/privacy\/explanation\"><span style=\"color: #0000ff;\"><span style=\"font-family: Calibri, serif;\"><span lang=\"en-US\"><u>https:\/\/es-es.facebook.com\/privacy\/explanation<\/u><\/span><\/span><\/span><\/a><\/p><\/li><li><p align=\"justify\"><span style=\"color: #404040;\"><span style=\"font-family: Calibri, serif;\"><span lang=\"en-US\">Twitter: <\/span><\/span><\/span><a href=\"https:\/\/twitter.com\/es\/privacy\"><span style=\"color: #0000ff;\"><span style=\"font-family: Calibri, serif;\"><span lang=\"en-US\"><u>https:\/\/twitter.com\/es\/privacy<\/u><\/span><\/span><\/span><\/a><\/p><\/li><li><p align=\"justify\"><span style=\"color: #404040;\"><span style=\"font-family: Calibri, serif;\"><span lang=\"en-US\">Instagram: <\/span><\/span><\/span><a href=\"https:\/\/help.instagram.com\/519522125107875\"><span style=\"color: #0000ff;\"><span style=\"font-family: Calibri, serif;\"><span lang=\"en-US\"><u>https:\/\/help.instagram.com\/519522125107875<\/u><\/span><\/span><\/span><\/a><\/p><\/li><li><p align=\"justify\"><span style=\"color: #404040;\"><span style=\"font-family: Calibri, serif;\"><span lang=\"en-US\">Youtube: <\/span><\/span><\/span><a href=\"https:\/\/policies.google.com\/privacy\"><span style=\"color: #0000ff;\"><span style=\"font-family: Calibri, serif;\"><span lang=\"en-US\"><u>https:\/\/policies.google.com\/privacy<\/u><\/span><\/span><\/span><\/a><\/p><\/li><\/ul><p><br \/><br \/><\/p><p><\/p>\t\t\t\t\t\t\t\t<\/div>\n\t\t\t\t<\/div>\n\t\t\t\t\t<\/div>\n\t\t\t\t<\/div>\n\t\t\t\t\t<\/div>\n\t\t\t\t<\/div>\n\t\t\t\t\t<\/div>\n\t\t\t\t<\/div>\n\t\t\t\t<\/div>","protected":false},"excerpt":{"rendered":"<p>POL\u00cdTICA DE PRIVACIDAD DE REDES SOCIALES De conformidad con lo establecido en la normativa vigente y aplicable en Protecci\u00f3n de Datos de Car\u00e1cter Personal, Reglamento 2016\/679 General de Protecci\u00f3n de Datos (RGPD) y la Ley Org\u00e1nica 3\/2018 de 5 de diciembre, de protecci\u00f3n de datos de car\u00e1cter personal y garant\u00eda de los derechos digitales (LOPDGDD),&hellip; <a class=\"continue\" href=\"https:\/\/www.cassinasesores.es\/vlca\/politica-privacidad-redes-sociales\/\">Continuar Leyendo<span> Pol\u00edtica de privacitat de xarxes socials<\/span><\/a><\/p>","protected":false},"author":1,"featured_media":0,"parent":0,"menu_order":0,"comment_status":"closed","ping_status":"closed","template":"","meta":{"site-sidebar-layout":"no-sidebar","site-content-layout":"page-builder","ast-site-content-layout":"full-width-container","site-content-style":"default","site-sidebar-style":"default","ast-global-header-display":"","ast-banner-title-visibility":"","ast-main-header-display":"","ast-hfb-above-header-display":"","ast-hfb-below-header-display":"","ast-hfb-mobile-header-display":"","site-post-title":"disabled","ast-breadcrumbs-content":"","ast-featured-img":"disabled","footer-sml-layout":"","theme-transparent-header-meta":"","adv-header-id-meta":"","stick-header-meta":"","header-above-stick-meta":"","header-main-stick-meta":"","header-below-stick-meta":"","astra-migrate-meta-layouts":"set","ast-page-background-enabled":"default","ast-page-background-meta":{"desktop":{"background-color":"","background-image":"","background-repeat":"repeat","background-position":"center center","background-size":"auto","background-attachment":"scroll","background-type":"","background-media":"","overlay-type":"","overlay-color":"","overlay-gradient":""},"tablet":{"background-color":"","background-image":"","background-repeat":"repeat","background-position":"center center","background-size":"auto","background-attachment":"scroll","background-type":"","background-media":"","overlay-type":"","overlay-color":"","overlay-gradient":""},"mobile":{"background-color":"","background-image":"","background-repeat":"repeat","background-position":"center center","background-size":"auto","background-attachment":"scroll","background-type":"","background-media":"","overlay-type":"","overlay-color":"","overlay-gradient":""}},"ast-content-background-meta":{"desktop":{"background-color":"var(--ast-global-color-5)","background-image":"","background-repeat":"repeat","background-position":"center center","background-size":"auto","background-attachment":"scroll","background-type":"","background-media":"","overlay-type":"","overlay-color":"","overlay-gradient":""},"tablet":{"background-color":"var(--ast-global-color-5)","background-image":"","background-repeat":"repeat","background-position":"center center","background-size":"auto","background-attachment":"scroll","background-type":"","background-media":"","overlay-type":"","overlay-color":"","overlay-gradient":""},"mobile":{"background-color":"var(--ast-global-color-5)","background-image":"","background-repeat":"repeat","background-position":"center center","background-size":"auto","background-attachment":"scroll","background-type":"","background-media":"","overlay-type":"","overlay-color":"","overlay-gradient":""}},"_joinchat":[],"footnotes":""},"class_list":["post-2619","page","type-page","status-publish","hentry"],"yoast_head":"<!-- This site is optimized with the Yoast SEO plugin v22.4 - https:\/\/yoast.com\/wordpress\/plugins\/seo\/ -->\n<title>Pol\u00edtica de privacidad de redes sociales - CASSIN Assessors<\/title>\n<meta name=\"robots\" content=\"index, follow, max-snippet:-1, max-image-preview:large, max-video-preview:-1\" \/>\n<link rel=\"canonical\" href=\"https:\/\/www.cassinasesores.es\/vlca\/politica-privacidad-redes-sociales\/\" \/>\n<meta property=\"og:locale\" content=\"en_US\" \/>\n<meta property=\"og:type\" content=\"article\" \/>\n<meta property=\"og:title\" content=\"Pol\u00edtica de privacidad de redes sociales - CASSIN Assessors\" \/>\n<meta property=\"og:description\" content=\"POL\u00cdTICA DE PRIVACIDAD DE REDES SOCIALES De conformidad con lo establecido en la normativa vigente y aplicable en Protecci\u00f3n de Datos de Car\u00e1cter Personal, Reglamento 2016\/679 General de Protecci\u00f3n de Datos (RGPD) y la Ley Org\u00e1nica 3\/2018 de 5 de diciembre, de protecci\u00f3n de datos de car\u00e1cter personal y garant\u00eda de los derechos digitales (LOPDGDD),&hellip; Continuar Leyendo Pol\u00edtica de privacidad de redes sociales\" \/>\n<meta property=\"og:url\" content=\"https:\/\/www.cassinasesores.es\/vlca\/politica-privacidad-redes-sociales\/\" \/>\n<meta property=\"og:site_name\" content=\"CASSIN Assessors\" \/>\n<meta property=\"article:publisher\" content=\"https:\/\/m.facebook.com\/people\/Cassin-Assessors\/100043677105792\/\" \/>\n<meta property=\"article:modified_time\" content=\"2024-04-06T23:21:21+00:00\" \/>\n<meta name=\"twitter:card\" content=\"summary_large_image\" \/>\n<meta name=\"twitter:label1\" content=\"Est. reading time\" \/>\n\t<meta name=\"twitter:data1\" content=\"5 minutes\" \/>\n<script type=\"application\/ld+json\" class=\"yoast-schema-graph\">{\"@context\":\"https:\/\/schema.org\",\"@graph\":[{\"@type\":\"WebPage\",\"@id\":\"https:\/\/www.cassinasesores.es\/politica-privacidad-redes-sociales\/\",\"url\":\"https:\/\/www.cassinasesores.es\/politica-privacidad-redes-sociales\/\",\"name\":\"Pol\u00edtica de privacidad de redes sociales - CASSIN Assessors\",\"isPartOf\":{\"@id\":\"https:\/\/www.cassinasesores.es\/#website\"},\"datePublished\":\"2024-04-06T22:45:07+00:00\",\"dateModified\":\"2024-04-06T23:21:21+00:00\",\"breadcrumb\":{\"@id\":\"https:\/\/www.cassinasesores.es\/politica-privacidad-redes-sociales\/#breadcrumb\"},\"inLanguage\":\"vlca\",\"potentialAction\":[{\"@type\":\"ReadAction\",\"target\":[\"https:\/\/www.cassinasesores.es\/politica-privacidad-redes-sociales\/\"]}]},{\"@type\":\"BreadcrumbList\",\"@id\":\"https:\/\/www.cassinasesores.es\/politica-privacidad-redes-sociales\/#breadcrumb\",\"itemListElement\":[{\"@type\":\"ListItem\",\"position\":1,\"name\":\"Portada\",\"item\":\"https:\/\/www.cassinasesores.es\/\"},{\"@type\":\"ListItem\",\"position\":2,\"name\":\"Pol\u00edtica de privacidad de redes sociales\"}]},{\"@type\":\"WebSite\",\"@id\":\"https:\/\/www.cassinasesores.es\/#website\",\"url\":\"https:\/\/www.cassinasesores.es\/\",\"name\":\"CASSIN Assessors\",\"description\":\"Centro de Asesoramiento Integral\",\"publisher\":{\"@id\":\"https:\/\/www.cassinasesores.es\/#organization\"},\"alternateName\":\"CASSIN\",\"potentialAction\":[{\"@type\":\"SearchAction\",\"target\":{\"@type\":\"EntryPoint\",\"urlTemplate\":\"https:\/\/www.cassinasesores.es\/?s={search_term_string}\"},\"query-input\":\"required name=search_term_string\"}],\"inLanguage\":\"vlca\"},{\"@type\":\"Organization\",\"@id\":\"https:\/\/www.cassinasesores.es\/#organization\",\"name\":\"CASSIN Assessors\",\"url\":\"https:\/\/www.cassinasesores.es\/\",\"logo\":{\"@type\":\"ImageObject\",\"inLanguage\":\"vlca\",\"@id\":\"https:\/\/www.cassinasesores.es\/#\/schema\/logo\/image\/\",\"url\":\"https:\/\/www.cassinasesores.es\/wp-content\/uploads\/2023\/11\/logo-cassin.png\",\"contentUrl\":\"https:\/\/www.cassinasesores.es\/wp-content\/uploads\/2023\/11\/logo-cassin.png\",\"width\":158,\"height\":94,\"caption\":\"CASSIN Assessors\"},\"image\":{\"@id\":\"https:\/\/www.cassinasesores.es\/#\/schema\/logo\/image\/\"},\"sameAs\":[\"https:\/\/m.facebook.com\/people\/Cassin-Assessors\/100043677105792\/\",\"https:\/\/www.instagram.com\/cassinassessors\/reels\/?hl=fr\"]}]}<\/script>\n<!-- \/ Yoast SEO plugin. -->","yoast_head_json":{"title":"Pol\u00edtica de privacidad de redes sociales - CASSIN Assessors","robots":{"index":"index","follow":"follow","max-snippet":"max-snippet:-1","max-image-preview":"max-image-preview:large","max-video-preview":"max-video-preview:-1"},"canonical":"https:\/\/www.cassinasesores.es\/vlca\/politica-privacidad-redes-sociales\/","og_locale":"en_US","og_type":"article","og_title":"Pol\u00edtica de privacidad de redes sociales - CASSIN Assessors","og_description":"POL\u00cdTICA DE PRIVACIDAD DE REDES SOCIALES De conformidad con lo establecido en la normativa vigente y aplicable en Protecci\u00f3n de Datos de Car\u00e1cter Personal, Reglamento 2016\/679 General de Protecci\u00f3n de Datos (RGPD) y la Ley Org\u00e1nica 3\/2018 de 5 de diciembre, de protecci\u00f3n de datos de car\u00e1cter personal y garant\u00eda de los derechos digitales (LOPDGDD),&hellip; Continuar Leyendo Pol\u00edtica de privacidad de redes sociales","og_url":"https:\/\/www.cassinasesores.es\/vlca\/politica-privacidad-redes-sociales\/","og_site_name":"CASSIN Assessors","article_publisher":"https:\/\/m.facebook.com\/people\/Cassin-Assessors\/100043677105792\/","article_modified_time":"2024-04-06T23:21:21+00:00","twitter_card":"summary_large_image","twitter_misc":{"Est. reading time":"5 minutes"},"schema":{"@context":"https:\/\/schema.org","@graph":[{"@type":"WebPage","@id":"https:\/\/www.cassinasesores.es\/politica-privacidad-redes-sociales\/","url":"https:\/\/www.cassinasesores.es\/politica-privacidad-redes-sociales\/","name":"Pol\u00edtica de privacidad de redes sociales - CASSIN Assessors","isPartOf":{"@id":"https:\/\/www.cassinasesores.es\/#website"},"datePublished":"2024-04-06T22:45:07+00:00","dateModified":"2024-04-06T23:21:21+00:00","breadcrumb":{"@id":"https:\/\/www.cassinasesores.es\/politica-privacidad-redes-sociales\/#breadcrumb"},"inLanguage":"vlca","potentialAction":[{"@type":"ReadAction","target":["https:\/\/www.cassinasesores.es\/politica-privacidad-redes-sociales\/"]}]},{"@type":"BreadcrumbList","@id":"https:\/\/www.cassinasesores.es\/politica-privacidad-redes-sociales\/#breadcrumb","itemListElement":[{"@type":"ListItem","position":1,"name":"Portada","item":"https:\/\/www.cassinasesores.es\/"},{"@type":"ListItem","position":2,"name":"Pol\u00edtica de privacidad de redes sociales"}]},{"@type":"WebSite","@id":"https:\/\/www.cassinasesores.es\/#website","url":"https:\/\/www.cassinasesores.es\/","name":"CASSIN Assessors","description":"Centro de Asesoramiento Integral","publisher":{"@id":"https:\/\/www.cassinasesores.es\/#organization"},"alternateName":"CASSIN","potentialAction":[{"@type":"SearchAction","target":{"@type":"EntryPoint","urlTemplate":"https:\/\/www.cassinasesores.es\/?s={search_term_string}"},"query-input":"required name=search_term_string"}],"inLanguage":"vlca"},{"@type":"Organization","@id":"https:\/\/www.cassinasesores.es\/#organization","name":"CASSIN Assessors","url":"https:\/\/www.cassinasesores.es\/","logo":{"@type":"ImageObject","inLanguage":"vlca","@id":"https:\/\/www.cassinasesores.es\/#\/schema\/logo\/image\/","url":"https:\/\/www.cassinasesores.es\/wp-content\/uploads\/2023\/11\/logo-cassin.png","contentUrl":"https:\/\/www.cassinasesores.es\/wp-content\/uploads\/2023\/11\/logo-cassin.png","width":158,"height":94,"caption":"CASSIN Assessors"},"image":{"@id":"https:\/\/www.cassinasesores.es\/#\/schema\/logo\/image\/"},"sameAs":["https:\/\/m.facebook.com\/people\/Cassin-Assessors\/100043677105792\/","https:\/\/www.instagram.com\/cassinassessors\/reels\/?hl=fr"]}]}},"_links":{"self":[{"href":"https:\/\/www.cassinasesores.es\/vlca\/wp-json\/wp\/v2\/pages\/2619","targetHints":{"allow":["GET"]}}],"collection":[{"href":"https:\/\/www.cassinasesores.es\/vlca\/wp-json\/wp\/v2\/pages"}],"about":[{"href":"https:\/\/www.cassinasesores.es\/vlca\/wp-json\/wp\/v2\/types\/page"}],"author":[{"embeddable":true,"href":"https:\/\/www.cassinasesores.es\/vlca\/wp-json\/wp\/v2\/users\/1"}],"replies":[{"embeddable":true,"href":"https:\/\/www.cassinasesores.es\/vlca\/wp-json\/wp\/v2\/comments?post=2619"}],"version-history":[{"count":8,"href":"https:\/\/www.cassinasesores.es\/vlca\/wp-json\/wp\/v2\/pages\/2619\/revisions"}],"predecessor-version":[{"id":2627,"href":"https:\/\/www.cassinasesores.es\/vlca\/wp-json\/wp\/v2\/pages\/2619\/revisions\/2627"}],"wp:attachment":[{"href":"https:\/\/www.cassinasesores.es\/vlca\/wp-json\/wp\/v2\/media?parent=2619"}],"curies":[{"name":"wp","href":"https:\/\/api.w.org\/{rel}","templated":true}]}}