{"id":3,"date":"2023-11-23T08:25:18","date_gmt":"2023-11-23T08:25:18","guid":{"rendered":"https:\/\/www.cassinasesores.es\/?page_id=3"},"modified":"2024-04-06T23:13:50","modified_gmt":"2024-04-06T23:13:50","slug":"politica-privacidad","status":"publish","type":"page","link":"https:\/\/www.cassinasesores.es\/vlca\/politica-privacidad\/","title":{"rendered":"Pol\u00edtica de privacitat"},"content":{"rendered":"<div data-elementor-type=\"wp-page\" data-elementor-id=\"3\" class=\"elementor elementor-3\">\n\t\t\t\t<div class=\"elementor-element elementor-element-1f63a4a2 e-flex e-con-boxed e-con e-parent\" data-id=\"1f63a4a2\" data-element_type=\"container\">\n\t\t\t\t\t<div class=\"e-con-inner\">\n\t\t\t\t<div class=\"elementor-element elementor-element-bf99d1f elementor-widget elementor-widget-text-editor\" data-id=\"bf99d1f\" data-element_type=\"widget\" data-widget_type=\"text-editor.default\">\n\t\t\t\t<div class=\"elementor-widget-container\">\n\t\t\t\t\t\t\t\t\t\n<h2 class=\"wp-block-heading\" align=\"justify\"><span style=\"font-family: Calibri, serif;\"><b>POL\u00cdTICA DE PRIVACITAT<\/b><\/span><\/h2>\n<p>\u00a0<\/p>\n<h2 align=\"justify\"><span style=\"font-family: Calibri, serif;\"><b>Dret d'informaci\u00f3<\/b><\/span><\/h2>\n\n<p align=\"justify\"><span style=\"font-family: Calibri, serif;\">A l'efecte del que es disposa en el Reglament (UE) 2016\/679 de 27 d'abril de 2016 (GDPR), relatiu a la protecci\u00f3 de les persones f\u00edsiques pel que fa al tractament de dades personals i a la lliure circulaci\u00f3 d'estes dades i a la Llei org\u00e0nica 3\/2018 de 5 de desembre, de protecci\u00f3 de dades de car\u00e0cter personal i garantia dels drets digitals (LOPDGDD), s'informa l'usuari de l'exist\u00e8ncia d'un tractament automatitzat de dades de car\u00e0cter personal creat per CASSIN ASSESSORS, S.L. i sota la seua responsabilitat amb les dades personals que ens poguera facilitar durant la navegaci\u00f3 pel nostre Lloc web ja b\u00e9 siga en el moment del seu registre o quan remeta un missatge de correu electr\u00f2nic. <\/span><\/p>\n\n<h2 class=\"wp-block-heading\" align=\"justify\"><span style=\"font-family: Calibri, serif;\"><b>Responsable de tractament<\/b><\/span><\/h2>\n<ul>\n<li>\n<p align=\"justify\"><span style=\"font-family: Calibri, serif;\"><b>Denominaci\u00f3 social: <\/b><\/span><span style=\"font-family: Calibri, serif;\">CASSIN ASSESSORS, S.L. <\/span><\/p>\n<\/li>\n<li>\n<p align=\"justify\"><span style=\"font-family: Calibri, serif;\"><b>CIF<\/b><\/span><span style=\"font-family: Calibri, serif;\">: B12516993 <\/span><\/p>\n<\/li>\n<li>\n<p align=\"justify\"><span style=\"font-family: Calibri, serif;\"><b>Domicili social:<\/b><\/span><span style=\"font-family: Calibri, serif;\"> C\/ OCTAVI TEN I ORENGA 31 BAJO, 12600 &#8211; LA VALL D UIXO (CASTELLON) <\/span><\/p>\n<\/li>\n<li>\n<p align=\"justify\"><a name=\"_Hlk144998148\"><\/a><span style=\"font-family: Calibri, serif;\"><b>Tel\u00e8fon<\/b><\/span><span style=\"font-family: Calibri, serif;\">: 964665009 <\/span><\/p>\n<\/li>\n<li>\n<p align=\"justify\"><span style=\"font-family: Calibri, serif;\"><b>Correu electr\u00f2nic a l'efecte de comunicaci\u00f3:<\/b><\/span><span style=\"font-family: Calibri, serif;\">: <\/span><span style=\"color: #0000ff;\"><span style=\"font-family: Calibri, serif;\"><u>info@cassinasesores.es<\/u><\/span><\/span><\/p>\n<\/li>\n<li>\n<p align=\"justify\"><span style=\"font-family: Calibri, serif;\"><b>Dades de contacte Delegat de Protecci\u00f3 de Dades<\/b><\/span><span style=\"font-family: Calibri, serif;\">: Tel\u00e8fon: 964665009 Correu electr\u00f2nic: <\/span><span style=\"color: #0000ff;\"><span style=\"font-family: Calibri, serif;\"><u>olga@cassinasesores.es<\/u><\/span><\/span><span style=\"font-family: Calibri, serif;\">.<\/span><\/p>\n<\/li>\n<\/ul>\n<h2><span style=\"font-family: Calibri, serif;\"><b>Finalitat del tractament<\/b><\/span><\/h2>\n\n<p align=\"justify\"><span style=\"font-family: Calibri, serif;\">Li indiquem que la finalitat del tractament de les seues dades \u00e9s la descrita en cadascun dels formularis establits en la p\u00e0gina web en els quals vost\u00e9 ens facilita les seues dades. <\/span><\/p>\n\n<h2 class=\"wp-block-heading\" align=\"justify\"><span style=\"font-family: Calibri, serif;\"><b>Legitimaci\u00f3<\/b><\/span><\/h2>\n<p align=\"justify\"><span style=\"font-family: Calibri, serif;\">Article 6.1.a) del RGPD. L'interessat va donar el seu consentiment per al tractament de les seues dades personals per a un o diversos fins espec\u00edfics.<\/span><\/p>\n<h2 align=\"justify\"><span style=\"font-family: Calibri, serif;\"><b>Conservaci\u00f3 i tractament de les dades<\/b><\/span><\/h2>\n<p align=\"justify\"><span style=\"font-family: Calibri, serif;\">Les seues dades seran conservades durant el temps necessari per a atendre la seua sol\u00b7licitud, sempre que no ens indique el contrari exercint el seu dret de supressi\u00f3, o durant el temps necessari per a complir amb les obligacions legals i atendre les possibles responsabilitats que pogueren derivar del compliment de la finalitat per a la qual les dades van ser recaptades. En cas de ser necessari, <\/span><span style=\"font-family: Calibri, serif;\">CASSIN ASSESSORS, S.L. <\/span><span style=\"font-family: Calibri, serif;\">cancel\u00b7lar\u00e0 o rectificar\u00e0 les dades quan resulten inexactes, incomplets o hagen deixat de ser necessaris per a la seua finalitat, de conformitat amb el que es preveu en la legislaci\u00f3 vigent en mat\u00e8ria de Protecci\u00f3 de Dades de Car\u00e0cter Personal.<\/span><\/p>\n<p align=\"justify\"><span style=\"font-family: Calibri, serif;\">Mentres no ens comunique el contrari, entendrem que les seues dades no han sigut modificats, que vost\u00e9 es compromet a notificar-nos qualsevol variaci\u00f3 i que tenim el consentiment per a utilitzar-los a fi de poder fidelitzar la relaci\u00f3 entre les parts.<\/span><\/p>\n<p align=\"justify\"><span style=\"font-family: Calibri, serif;\">Les dades facilitades no seran cedits a tercers excepte en els casos en qu\u00e8 existisca una obligaci\u00f3 legal.<\/span><\/p>\n<p align=\"justify\"><span style=\"font-family: Calibri, serif;\">CASSIN ASSESSORS, S.L. no elaborar\u00e0 cap mena de \u201cperfil\u201d, sobre la base de la informaci\u00f3 facilitada. No es prendran decisions automatitzades sobre la base de perfils. <\/span><\/p>\n<p align=\"justify\"><span style=\"font-family: Calibri, serif;\">D'acord amb el que establix la Llei 34\/2002, de Servicis de la Societat de la Informaci\u00f3 i el Comer\u00e7 Electr\u00f2nic en el seu article 21, sol\u00b7licitarem el seu consentiment per a poder realitzar comunicacions publicit\u00e0ries que considerem puguen ser del seu inter\u00e9s, per correu electr\u00f2nic o per qualsevol altre mitj\u00e0 de comunicaci\u00f3 electr\u00f2nica equivalent.<\/span><\/p>\n<p align=\"justify\"><span style=\"font-family: Calibri, serif;\">Vost\u00e9 t\u00e9 dret a oposar-se i\/o retirar el consentiment al tractament de les dades indicades anteriorment, si \u00e9s el cas, i en qualsevol moment, sense que aix\u00f2 afecte la licitud del tractament basat en el consentiment previ a la seua retirada, mitjan\u00e7ant notificaci\u00f3 al responsable del tractament en la\/s direcci\u00f3\/\u00e9s indicada\/s.<\/span><\/p>\n<h2 align=\"justify\"><span style=\"font-family: Calibri, serif;\"><b>Mesures t\u00e8cniques i organitzatives<\/b><\/span><\/h2>\n<p align=\"justify\"><span style=\"font-family: Calibri, serif;\">CASSIN ASSESSORS, S.L. <\/span><span style=\"font-family: Calibri, serif;\">adopta les mesures t\u00e8cniques, controls i procediments de car\u00e0cter f\u00edsic, organitzatiu i tecnol\u00f2gic, raonablement fiables i efectius, orientats a preservar la integritat i la seguretat de les seues dades i garantir la seua privacitat. No obstant aix\u00f2, no assumix cap responsabilitat pels danys i perju\u00eds derivats d'alteracions que tercers puguen causar en els sistemes inform\u00e0tics, documents electr\u00f2nics o fitxers de l'usuari.<\/span><\/p>\n<p align=\"justify\"><span style=\"font-family: Calibri, serif;\">A m\u00e9s, tot el personal amb acc\u00e9s a les dades personals ha sigut format i t\u00e9 coneixement de les seues obligacions en relaci\u00f3 amb els tractaments de dades personals.<\/span><\/p>\n<p align=\"justify\"><span style=\"font-family: Calibri, serif;\">En el cas dels contractes que subscrivim amb els nostres prove\u00efdors incloem cl\u00e0usules en les quals se'ls exigix mantindre el deure de secret respecte a les dades de car\u00e0cter personal als quals hagen tingut acc\u00e9s en virtut de l'enc\u00e0rrec realitzat, aix\u00ed com implantar les mesures de seguretat t\u00e8cniques i organitzatives necess\u00e0ries per a garantir la confidencialitat, integritat, disponibilitat i resili\u00e8ncia permanents dels sistemes i servicis de tractament de les dades personals.<\/span><\/p>\n<p align=\"justify\"><span style=\"font-family: Calibri, serif;\">Totes estes mesures de seguretat s\u00f3n revisades de manera peri\u00f2dica per a garantir la seua adequaci\u00f3 i efectivitat.<\/span><\/p>\n<p align=\"justify\"><span style=\"font-family: Calibri, serif;\">No obstant aix\u00f2, la seguretat absoluta no es pot garantir i no existix cap sistema de seguretat que siga impenetrable pel que, en el cas de qualsevol informaci\u00f3 objecte de tractament i sota el nostre control es vera compromesa a conseq\u00fc\u00e8ncia d'una bretxa de seguretat, prendrem les mesures adequades per a investigar l'incident, notificar-lo a l'Autoritat de Control i, si \u00e9s el cas, a aquells usuaris que s'hagueren pogut veure afectats perqu\u00e8 prenguen les mesures adequades.<\/span><\/p>\n<h2 align=\"justify\"><span style=\"font-family: Calibri, serif;\"><b>Drets<\/b><\/span><\/h2>\n<p align=\"justify\"><span style=\"font-family: Calibri, serif;\">L'usuari podr\u00e0 exercir els drets d'acc\u00e9s, rectificaci\u00f3, supressi\u00f3, oposici\u00f3, limitaci\u00f3 del tractament, portabilitat de dades i a no ser objecte de decisions individualitzades automatitzades, en relaci\u00f3 amb les dades objecte del tractament, davant el responsable del tractament en l'adre\u00e7a anteriorment esmentada, o per correu electr\u00f2nic a <\/span><span style=\"color: #0000ff;\"><span style=\"font-family: Calibri, serif;\"><u>info@cassinasesores.es<\/u><\/span><\/span><span style=\"font-family: Calibri, serif;\">, adjuntant c\u00f2pia del seu DNI o document equivalent, o directament davant el delegat de protecci\u00f3 de dades.<\/span><b> <\/b><span style=\"font-family: Calibri, serif;\">En cas que no haja obtingut satisfacci\u00f3 en l'exercici dels seus drets, podr\u00e0 presentar una reclamaci\u00f3 davant l'Autoritat de Control <\/span><span style=\"font-family: Calibri, serif;\"><i>en materia Protecci\u00f3n de Datos competente, <\/i><\/span><span style=\"font-family: Calibri, serif;\">siendo \u00e9sta la <\/span><span style=\"font-family: Calibri, serif;\"><i>Agencia Espa\u00f1ola de Protecci\u00f3n de Datos, <\/i><\/span><span style=\"font-family: Calibri, serif;\">y cuyos datos de contacto est\u00e1n accesibles en <\/span><a href=\"https:\/\/sedeagpd.gob.es\/sede-electronica-web\/vistas\/formNuevaReclamacion\/reclamacion.jsf\"><span style=\"color: #0000ff;\"><span style=\"font-family: Calibri, serif;\"><i><u>https:\/\/sedeagpd.gob.es\/sede-electronica-web\/vistas\/formNuevaReclamacion\/reclamacion.jsf<\/u><\/i><\/span><\/span><\/a><span style=\"font-family: Calibri, serif;\"><i>. <\/i><\/span><\/p>\n<p><br \/><br \/><\/p>\n\t\t\t\t\t\t\t\t<\/div>\n\t\t\t\t<\/div>\n\t\t\t\t\t<\/div>\n\t\t\t\t<\/div>\n\t\t\t\t<\/div>","protected":false},"excerpt":{"rendered":"<p>POL\u00cdTICA DE PRIVACIDAD \u00a0 Derecho de informaci\u00f3n A los efectos de lo dispuesto en el Reglamento (UE) 2016\/679 de 27 de abril de 2016 (GDPR), relativo a la protecci\u00f3n de las personas f\u00edsicas en lo que respecta al tratamiento de datos personales y a la libre circulaci\u00f3n de estos datos y a la Ley Org\u00e1nica&hellip; <a class=\"continue\" href=\"https:\/\/www.cassinasesores.es\/vlca\/politica-privacidad\/\">Continuar Leyendo<span> Pol\u00edtica de privacitat<\/span><\/a><\/p>","protected":false},"author":1,"featured_media":0,"parent":0,"menu_order":0,"comment_status":"closed","ping_status":"closed","template":"elementor_header_footer","meta":{"site-sidebar-layout":"default","site-content-layout":"","ast-site-content-layout":"default","site-content-style":"default","site-sidebar-style":"default","ast-global-header-display":"","ast-banner-title-visibility":"","ast-main-header-display":"","ast-hfb-above-header-display":"","ast-hfb-below-header-display":"","ast-hfb-mobile-header-display":"","site-post-title":"","ast-breadcrumbs-content":"","ast-featured-img":"","footer-sml-layout":"","theme-transparent-header-meta":"","adv-header-id-meta":"","stick-header-meta":"","header-above-stick-meta":"","header-main-stick-meta":"","header-below-stick-meta":"","astra-migrate-meta-layouts":"set","ast-page-background-enabled":"default","ast-page-background-meta":{"desktop":{"background-color":"","background-image":"","background-repeat":"repeat","background-position":"center center","background-size":"auto","background-attachment":"scroll","background-type":"","background-media":"","overlay-type":"","overlay-color":"","overlay-gradient":""},"tablet":{"background-color":"","background-image":"","background-repeat":"repeat","background-position":"center center","background-size":"auto","background-attachment":"scroll","background-type":"","background-media":"","overlay-type":"","overlay-color":"","overlay-gradient":""},"mobile":{"background-color":"","background-image":"","background-repeat":"repeat","background-position":"center center","background-size":"auto","background-attachment":"scroll","background-type":"","background-media":"","overlay-type":"","overlay-color":"","overlay-gradient":""}},"ast-content-background-meta":{"desktop":{"background-color":"var(--ast-global-color-5)","background-image":"","background-repeat":"repeat","background-position":"center center","background-size":"auto","background-attachment":"scroll","background-type":"","background-media":"","overlay-type":"","overlay-color":"","overlay-gradient":""},"tablet":{"background-color":"var(--ast-global-color-5)","background-image":"","background-repeat":"repeat","background-position":"center center","background-size":"auto","background-attachment":"scroll","background-type":"","background-media":"","overlay-type":"","overlay-color":"","overlay-gradient":""},"mobile":{"background-color":"var(--ast-global-color-5)","background-image":"","background-repeat":"repeat","background-position":"center center","background-size":"auto","background-attachment":"scroll","background-type":"","background-media":"","overlay-type":"","overlay-color":"","overlay-gradient":""}},"_joinchat":[],"footnotes":""},"class_list":["post-3","page","type-page","status-publish","hentry"],"yoast_head":"<!-- This site is optimized with the Yoast SEO plugin v22.4 - https:\/\/yoast.com\/wordpress\/plugins\/seo\/ -->\n<title>Pol\u00edtica de privacidad - CASSIN Assessors<\/title>\n<meta name=\"robots\" content=\"index, follow, max-snippet:-1, max-image-preview:large, max-video-preview:-1\" \/>\n<link rel=\"canonical\" href=\"https:\/\/www.cassinasesores.es\/vlca\/politica-privacidad\/\" \/>\n<meta property=\"og:locale\" content=\"en_US\" \/>\n<meta property=\"og:type\" content=\"article\" \/>\n<meta property=\"og:title\" content=\"Pol\u00edtica de privacidad - CASSIN Assessors\" \/>\n<meta property=\"og:description\" content=\"POL\u00cdTICA DE PRIVACIDAD \u00a0 Derecho de informaci\u00f3n A los efectos de lo dispuesto en el Reglamento (UE) 2016\/679 de 27 de abril de 2016 (GDPR), relativo a la protecci\u00f3n de las personas f\u00edsicas en lo que respecta al tratamiento de datos personales y a la libre circulaci\u00f3n de estos datos y a la Ley Org\u00e1nica&hellip; Continuar Leyendo Pol\u00edtica de privacidad\" \/>\n<meta property=\"og:url\" content=\"https:\/\/www.cassinasesores.es\/vlca\/politica-privacidad\/\" \/>\n<meta property=\"og:site_name\" content=\"CASSIN Assessors\" \/>\n<meta property=\"article:publisher\" content=\"https:\/\/m.facebook.com\/people\/Cassin-Assessors\/100043677105792\/\" \/>\n<meta property=\"article:modified_time\" content=\"2024-04-06T23:13:50+00:00\" \/>\n<meta name=\"twitter:card\" content=\"summary_large_image\" \/>\n<meta name=\"twitter:label1\" content=\"Est. reading time\" \/>\n\t<meta name=\"twitter:data1\" content=\"5 minutes\" \/>\n<script type=\"application\/ld+json\" class=\"yoast-schema-graph\">{\"@context\":\"https:\/\/schema.org\",\"@graph\":[{\"@type\":\"WebPage\",\"@id\":\"https:\/\/www.cassinasesores.es\/politica-privacidad\/\",\"url\":\"https:\/\/www.cassinasesores.es\/politica-privacidad\/\",\"name\":\"Pol\u00edtica de privacidad - CASSIN Assessors\",\"isPartOf\":{\"@id\":\"https:\/\/www.cassinasesores.es\/#website\"},\"datePublished\":\"2023-11-23T08:25:18+00:00\",\"dateModified\":\"2024-04-06T23:13:50+00:00\",\"breadcrumb\":{\"@id\":\"https:\/\/www.cassinasesores.es\/politica-privacidad\/#breadcrumb\"},\"inLanguage\":\"vlca\",\"potentialAction\":[{\"@type\":\"ReadAction\",\"target\":[\"https:\/\/www.cassinasesores.es\/politica-privacidad\/\"]}]},{\"@type\":\"BreadcrumbList\",\"@id\":\"https:\/\/www.cassinasesores.es\/politica-privacidad\/#breadcrumb\",\"itemListElement\":[{\"@type\":\"ListItem\",\"position\":1,\"name\":\"Portada\",\"item\":\"https:\/\/www.cassinasesores.es\/\"},{\"@type\":\"ListItem\",\"position\":2,\"name\":\"Pol\u00edtica de privacidad\"}]},{\"@type\":\"WebSite\",\"@id\":\"https:\/\/www.cassinasesores.es\/#website\",\"url\":\"https:\/\/www.cassinasesores.es\/\",\"name\":\"CASSIN Assessors\",\"description\":\"Centro de Asesoramiento Integral\",\"publisher\":{\"@id\":\"https:\/\/www.cassinasesores.es\/#organization\"},\"alternateName\":\"CASSIN\",\"potentialAction\":[{\"@type\":\"SearchAction\",\"target\":{\"@type\":\"EntryPoint\",\"urlTemplate\":\"https:\/\/www.cassinasesores.es\/?s={search_term_string}\"},\"query-input\":\"required name=search_term_string\"}],\"inLanguage\":\"vlca\"},{\"@type\":\"Organization\",\"@id\":\"https:\/\/www.cassinasesores.es\/#organization\",\"name\":\"CASSIN Assessors\",\"url\":\"https:\/\/www.cassinasesores.es\/\",\"logo\":{\"@type\":\"ImageObject\",\"inLanguage\":\"vlca\",\"@id\":\"https:\/\/www.cassinasesores.es\/#\/schema\/logo\/image\/\",\"url\":\"https:\/\/www.cassinasesores.es\/wp-content\/uploads\/2023\/11\/logo-cassin.png\",\"contentUrl\":\"https:\/\/www.cassinasesores.es\/wp-content\/uploads\/2023\/11\/logo-cassin.png\",\"width\":158,\"height\":94,\"caption\":\"CASSIN Assessors\"},\"image\":{\"@id\":\"https:\/\/www.cassinasesores.es\/#\/schema\/logo\/image\/\"},\"sameAs\":[\"https:\/\/m.facebook.com\/people\/Cassin-Assessors\/100043677105792\/\",\"https:\/\/www.instagram.com\/cassinassessors\/reels\/?hl=fr\"]}]}<\/script>\n<!-- \/ Yoast SEO plugin. -->","yoast_head_json":{"title":"Pol\u00edtica de privacidad - CASSIN Assessors","robots":{"index":"index","follow":"follow","max-snippet":"max-snippet:-1","max-image-preview":"max-image-preview:large","max-video-preview":"max-video-preview:-1"},"canonical":"https:\/\/www.cassinasesores.es\/vlca\/politica-privacidad\/","og_locale":"en_US","og_type":"article","og_title":"Pol\u00edtica de privacidad - CASSIN Assessors","og_description":"POL\u00cdTICA DE PRIVACIDAD \u00a0 Derecho de informaci\u00f3n A los efectos de lo dispuesto en el Reglamento (UE) 2016\/679 de 27 de abril de 2016 (GDPR), relativo a la protecci\u00f3n de las personas f\u00edsicas en lo que respecta al tratamiento de datos personales y a la libre circulaci\u00f3n de estos datos y a la Ley Org\u00e1nica&hellip; Continuar Leyendo Pol\u00edtica de privacidad","og_url":"https:\/\/www.cassinasesores.es\/vlca\/politica-privacidad\/","og_site_name":"CASSIN Assessors","article_publisher":"https:\/\/m.facebook.com\/people\/Cassin-Assessors\/100043677105792\/","article_modified_time":"2024-04-06T23:13:50+00:00","twitter_card":"summary_large_image","twitter_misc":{"Est. reading time":"5 minutes"},"schema":{"@context":"https:\/\/schema.org","@graph":[{"@type":"WebPage","@id":"https:\/\/www.cassinasesores.es\/politica-privacidad\/","url":"https:\/\/www.cassinasesores.es\/politica-privacidad\/","name":"Pol\u00edtica de privacidad - CASSIN Assessors","isPartOf":{"@id":"https:\/\/www.cassinasesores.es\/#website"},"datePublished":"2023-11-23T08:25:18+00:00","dateModified":"2024-04-06T23:13:50+00:00","breadcrumb":{"@id":"https:\/\/www.cassinasesores.es\/politica-privacidad\/#breadcrumb"},"inLanguage":"vlca","potentialAction":[{"@type":"ReadAction","target":["https:\/\/www.cassinasesores.es\/politica-privacidad\/"]}]},{"@type":"BreadcrumbList","@id":"https:\/\/www.cassinasesores.es\/politica-privacidad\/#breadcrumb","itemListElement":[{"@type":"ListItem","position":1,"name":"Portada","item":"https:\/\/www.cassinasesores.es\/"},{"@type":"ListItem","position":2,"name":"Pol\u00edtica de privacidad"}]},{"@type":"WebSite","@id":"https:\/\/www.cassinasesores.es\/#website","url":"https:\/\/www.cassinasesores.es\/","name":"CASSIN Assessors","description":"Centro de Asesoramiento Integral","publisher":{"@id":"https:\/\/www.cassinasesores.es\/#organization"},"alternateName":"CASSIN","potentialAction":[{"@type":"SearchAction","target":{"@type":"EntryPoint","urlTemplate":"https:\/\/www.cassinasesores.es\/?s={search_term_string}"},"query-input":"required name=search_term_string"}],"inLanguage":"vlca"},{"@type":"Organization","@id":"https:\/\/www.cassinasesores.es\/#organization","name":"CASSIN Assessors","url":"https:\/\/www.cassinasesores.es\/","logo":{"@type":"ImageObject","inLanguage":"vlca","@id":"https:\/\/www.cassinasesores.es\/#\/schema\/logo\/image\/","url":"https:\/\/www.cassinasesores.es\/wp-content\/uploads\/2023\/11\/logo-cassin.png","contentUrl":"https:\/\/www.cassinasesores.es\/wp-content\/uploads\/2023\/11\/logo-cassin.png","width":158,"height":94,"caption":"CASSIN Assessors"},"image":{"@id":"https:\/\/www.cassinasesores.es\/#\/schema\/logo\/image\/"},"sameAs":["https:\/\/m.facebook.com\/people\/Cassin-Assessors\/100043677105792\/","https:\/\/www.instagram.com\/cassinassessors\/reels\/?hl=fr"]}]}},"_links":{"self":[{"href":"https:\/\/www.cassinasesores.es\/vlca\/wp-json\/wp\/v2\/pages\/3","targetHints":{"allow":["GET"]}}],"collection":[{"href":"https:\/\/www.cassinasesores.es\/vlca\/wp-json\/wp\/v2\/pages"}],"about":[{"href":"https:\/\/www.cassinasesores.es\/vlca\/wp-json\/wp\/v2\/types\/page"}],"author":[{"embeddable":true,"href":"https:\/\/www.cassinasesores.es\/vlca\/wp-json\/wp\/v2\/users\/1"}],"replies":[{"embeddable":true,"href":"https:\/\/www.cassinasesores.es\/vlca\/wp-json\/wp\/v2\/comments?post=3"}],"version-history":[{"count":8,"href":"https:\/\/www.cassinasesores.es\/vlca\/wp-json\/wp\/v2\/pages\/3\/revisions"}],"predecessor-version":[{"id":2615,"href":"https:\/\/www.cassinasesores.es\/vlca\/wp-json\/wp\/v2\/pages\/3\/revisions\/2615"}],"wp:attachment":[{"href":"https:\/\/www.cassinasesores.es\/vlca\/wp-json\/wp\/v2\/media?parent=3"}],"curies":[{"name":"wp","href":"https:\/\/api.w.org\/{rel}","templated":true}]}}